5
In base 14, what is -4 - -c62c4c?
c62c48
In base 2, what is 1 - -1001101010001110111100110?
1001101010001110111100111
In base 8, what is 43404 + 15776?
61402
In base 14, what is -9334 + 946?
-87cc
In base 11, what is -36 - 419032?
-419068
In base 14, what is 1 - -ab97?
ab98
In base 3, what is -122022 - -2111211002?
2111011210
In base 10, what is 271 - 23?
248
In base 6, what is 1321451 + -1043?
1320404
In base 10, what is 25485 - 12765?
12720
In base 4, what is 11 - -13032211120000?
13032211120011
In base 5, what is 110412344 + -343?
110412001
In base 14, what is -34a7 - 343?
-380a
In base 9, what is -432342514 + 2?
-432342512
In base 16, what is 4a - -1a202?
1a24c
In base 9, what is -143253 + 32?
-143221
In base 5, what is -23222301 - 2134?
-23224440
In base 4, what is 2 - -13103033232?
13103033300
In base 5, what is -10 + -430244004?
-430244014
In base 9, what is -78735854 + -3?
-78735857
In base 2, what is 1110010000110100100 - -1011100?
1110010001000000000
In base 7, what is -6302616 - 3?
-6302622
In base 8, what is -57047 + 55?
-56772
In base 10, what is -12649972 - 0?
-12649972
In base 4, what is -1312232222013 + -222?
-1312232222301
In base 4, what is 1 + -102103023?
-102103022
In base 9, what is 526 - 3113016?
-3112380
In base 9, what is -88253 + 706?
-87446
In base 5, what is 242214 - -10132300?
10430014
In base 16, what is 3b3e + -1d?
3b21
In base 9, what is 3 + -18123648?
-18123645
In base 15, what is 61 + 6b412?
6b473
In base 16, what is -223464b5 - 3?
-223464b8
In base 3, what is 111122100 - 20021000?
21101100
In base 8, what is 200620 - -507?
201327
In base 11, what is 0 + 5116871?
5116871
In base 3, what is 10002111000012101 + 12?
10002111000012120
In base 14, what is b776 - 49?
b72b
In base 6, what is 145344101 - 2?
145344055
In base 8, what is 251364556 - -4?
251364562
In base 8, what is 0 - -250164247?
250164247
In base 3, what is -11120122 + -110201101?
-122022000
In base 15, what is 1e1266a - -b?
1e12676
In base 15, what is -6 - 201ae3?
-201ae9
In base 3, what is -200111012 - 112?
-200111201
In base 3, what is -1011120012012 + 1021?
-1011120010221
In base 12, what is 1 - 15322a93?
-15322a92
In base 13, what is 5812a5 + 6?
5812ab
In base 12, what is 318b00 - -517?
319417
In base 4, what is 2101232332032 - 1?
2101232332031
In base 8, what is 1031221 + 10?
1031231
In base 15, what is -810 + -33e0?
-3c00
In base 10, what is -3 + -6672251?
-6672254
In base 11, what is -5 + -39a8a532?
-39a8a537
In base 8, what is 655 - 11236?
-10361
In base 6, what is -242 - 210003?
-210245
In base 3, what is -100000100121021011 + -11?
-100000100121021022
In base 8, what is 14637756 - 6?
14637750
In base 16, what is 19a0044 + -25?
19a001f
In base 15, what is 2 + -11299d1?
-11299ce
In base 9, what is -77 - -70378?
70301
In base 14, what is -3 + -6d65868?
-6d6586b
In base 10, what is 400174681 + 5?
400174686
In base 14, what is a6adc + -7?
a6ad5
In base 14, what is 4c9d12 + 6?
4c9d18
In base 11, what is 2 - 33578a59?
-33578a57
In base 13, what is 6 - a1b58?
-a1b52
In base 6, what is 13200 - 1044534?
-1031334
In base 5, what is 0 - 40332403344?
-40332403344
In base 5, what is -11 - -4240232311?
4240232300
In base 16, what is 22 + -494677?
-494655
In base 11, what is -151 - -5257?
5106
In base 10, what is 225275 + -20?
225255
In base 13, what is ca + 6c72a?
6c827
In base 8, what is 1 + 1025132131?
1025132132
In base 9, what is 212033 - -81?
212124
In base 13, what is 17083 + -88b?
164c5
In base 15, what is 6c4 - -127032?
127706
In base 2, what is 11001000001011011011 - 100100011?
11001000000110111000
In base 10, what is -45 - -328880?
328835
In base 5, what is -132202223031 - -3?
-132202223023
In base 4, what is 23032 - 300002?
-210310
In base 9, what is -5 + -10156640?
-10156645
In base 15, what is -52d61e2 - 2?
-52d61e4
In base 4, what is -23010 - -2110113102?
2110030032
In base 14, what is 9823c + 186?
983c4
In base 7, what is 203 + -1164206?
-1164003
In base 14, what is -19d8 - -10c3?
-915
In base 15, what is 191b77 - 12?
191b65
In base 3, what is 21101 - 10001100110202?
-10001100012101
In base 3, what is -12 - -100120101020001?
100120101012212
In base 2, what is 101101011011 - 10010101000011?
-1100111101000
In base 12, what is -182282 - -24?
-18225a
In base 8, what is -30704 + -112712?
-143616
In base 3, what is -1201002202010 - 21111?
-1201010000121
In base 3, what is 10 - 1121110220021102?
-1121110220021022
In base 9, what is 5666 + 2436?
8213
In base 6, what is -43132 - 312045?
-355221
In base 16, what is 6 + 92cad?
92cb3
In base 10, what is 2383210 + -5?
2383205
In base 9, what is 453 - -30330?
30783
In base 5, what is 11431 - 121332?
-104401
In base 10, what is -65412 + 267?
-65145
In base 7, what is 64545 - -5335?
103213
In base 2, what is -101001001101100101 - -1000110101?
-101001000100110000
In base 9, what is 5 - -70180423?
70180428
In base 12, what is -3 + -2893457?
-289345a
In base 13, what is -13 + -70c60?
-70c73
In base 10, what is -156 + 19479?
19323
In base 4, what is -1 + 1100020033?
1100020032
In base 14, what is 4 + -2a0899?
-2a0895
In base 14, what is 3 - -4337cd?
4337d2
In base 11, what is 60 - -a6498?
a6548
In base 11, what is -a30855 + -3?
-a30858
In base 2, what is 1110 - 1100110100000100101000?
-1100110100000100011010
In base 2, what is -1001111000010111 + -10010110?
-1001111010101101
In base 13, what is -203 + -806?
-a09
In base 16, what is 7 - -62f881?
62f888
In base 12, what is -3 - -2a0a9?
2a0a6
In base 4, what is 1321310 + -12023102?
-10101132
In base 5, what is 2214 - 31323044?
-31320330
In base 6, what is 24311 - 30354?
-2043
In base 14, what is -c7 + -20265?
-2034c
In base 3, what is 10 + 20201212011001002?
20201212011001012
In base 5, what is -132122324 + 3113?
-132114211
In base 13, what is 1 + 4c00ab?
4c00ac
In base 10, what is 2 - -298288093?
298288095
In base 9, what is -625518 + 121?
-625387
In base 7, what is 10 + -552626422?
-552626412
In base 7, what is 2 - 2451455152?
-2451455150
In base 4, what is -113122120222201 - 2?
-113122120222203
In base 7, what is 41 + -23002661?
-23002620
In base 16, what is -d8ea + 374a?
-a1a0
In base 4, what is -2 + -13232333312330?
-13232333312332
In base 13, what is 547a + -254?
5226
In base 13, what is 474 - -49529?
499a0
In base 9, what is -2074668 + -1124?
-2075803
In base 15, what is 390 + 5e18?
62a8
In base 5, what is 32210 - 14434?
12221
In base 8, what is -130325750 + 2?
-130325746
In base 7, what is -2166 + 122524?
120325
In base 7, what is -2412 - 16400?
-22112
In base 5, what is 1210 - -10243132?
10244342
In base 10, what is -26053555 - 4?
-26053559
In base 9, what is 1857 - 18653?
-16685
In base 14, what is -a5 - -3635?
3570
In base 10, what is 18976030 + 0?
18976030
In base 7, what is -103 - -2436221?
2436115
In base 16, what is 5b5c - 25ab?
35b1
In base 13, what is -60c - -3421?
2b12
In base 12, what is 2 - 7bb022b?
-7bb0229
In base 12, what is 586 - -45783?
46149
In base 12, what is -2973696a + 3?
-29736967
In base 14, what is 55d5 + 230a?
7901
In base 16, what is 195fc57 - 1?
195fc56
In base 13, what is 11 - -18544a?
18545b
In base 8, what is -155 + 2235166?
2235011
In base 12, what is -90b - -293921?
293012
In base 4, what is -13 - -300200010232?
300200010213
In base 2, what is -1110011000101010001111 - 11?
-1110011000101010010010
In base 2, what is -1100010111011100011 + -110000?
-1100010111100010011
In base 4, what is -113221011 + 331?
-113220020
In base 7, what is -216025 + 446?
-215246
In base 15, what is 13127a4 + 6?
13127aa
In base 15, what is -436 - 69a7?
-6ddd
In base 10, what is 0 - -35508419?
35508419
In base 16, what is -4c4e4a + 3?
-4c4e47
In base 4, what is -1 - -110233223023?
110233223022
In base 16, what is -2228d6b - 3?
-2228d6e
In base 14, what is -220994 - 4?
-220998
In base 14, what is -5718 - 9d3?
-630b
In base 2, what is 110 + -100101001001111001010?
-100101001001111000100
In base 6, what is 140513 + -2220?
134253
In base 2, what is -11000100001100000110010 + 0?
-11000100001100000110010
In base 16, what is -b - -19d7e8?
19d7dd
In base 13, what is b7ab + 189?
b967
In base 15, what is 20e1 + 42?
2133
In base 15, what is -db5033a - -3?
-db50337
In base 12, what is 16a7101 - -5?
16a7106
In base 2, what is 1100010100111000 - -1001110100